et k(z) = 3*z + 4 - 4*z + u*z. Give k(-5).
-6
Let g(n) be the third derivative of -n**4/4 + 5*n**3/3 + 66*n**2 - 2*n. Give g(7).
-32
Let k = -1 - -4. Let w(o) be the second derivative of -o**3/6 + 3*o**2/2 - 13*o - 1. What is w(k)?
0
Let u be 2 + (-26)/12 - 589/(-186). Let t(r) = -r + 6. Give t(u).
3
Let b(w) = w**2 - 5*w + 5. Let c = 5 + -2. Suppose 2*x - 4*g = 20, 2*x = -c*x + 2*g + 50. Suppose 5*o + x = 4*q + q, 15 = 5*o. What is b(q)?
5
Let t(a) be the second derivative of -1/3*a**3 + 0 + 1/2*a**2 + 4*a. Give t(-3).
7
Let w(r) be the second derivative of -r**5/20 - 2*r**4/3 - 5*r**3/6 + 9*r**2/2 + 14*r. Calculate w(-7).
-5
Let a(n) = 6*n - 35. Let b be (0 + 3 + 2)*1. Let x be a(b). Let c(q) = q**3 + 6*q**2 + 7*q + 5. Give c(x).
-5
Suppose 0 = -3*o + 4 + 2. Let p be (o - 2) + 0 + 0. Let i(s) be the third derivative of -s**4/24 - 4*s**3/3 + s**2 - 111. Calculate i(p).
-8
Let g(a) = a + 7. Let b(f) be the second derivative of -f**5/20 + f**4/4 + f**3/2 - f**2 + 5*f. Let d be b(3). Let z be 1 + 2 - (d - -1). Determine g(z).
2
Let g(c) = c**3 + 10*c**2 + 6*c + 4. Let k(m) = -m**2 + m + 1. Let u(v) = -g(v) + 4*k(v). Give u(-14).
28
Let y(h) = 4*h - 1. Let m(k) = 7*k - 1. Let x(s) = -4*m(s) + 9*y(s). Determine x(-2).
-21
Let y be 2 - (8 + 0)*1. Let v(j) = j**3 + 6*j**2 + 2*j - 5. Let o be v(y). Let p = 16 + o. Let g(m) = -3*m + 1. Determine g(p).
4
Let u(s) = -2*s + 2. Let k be 26/(-5) - (-26)/130. Let m(w) = -w. Let f(a) = k*m(a) + u(a). Let n(c) = -c**3 + 5*c**2 - 2*c + 6. Let o be n(5). Determine f(o).
-10
Suppose -2 = d + s, -14 = 4*d - 5*s + 3. Let k(j) = j**2 - j - 1. Let g(t) = 9*t**2 - 7*t - 7. Let v(y) = d*g(y) + 21*k(y). Give v(-1).
-6
Let s(k) = k**3 + 7*k**2 + 4*k - 4. Let u be s(-6). Suppose u = 4*v - 0. Suppose -v*b - 9 = -3. Let l(m) = m**2 + m. Give l(b).
6
Let l(x) = x**3 + 2*x**2 + x - 1. Suppose 14 = 10*q - 17*q. What is l(q)?
-3
Suppose 12 + 9 = q + 3*w, 0 = -q + w + 1. Let b be 3 - (-12)/(-8)*-2. Let i(z) = 7 - 5*z - b*z**3 + 3*z**3 + 7*z**2 + 2*z**3. What is i(q)?
13
Let j be (-2 + (-1 - 0))*-1. Let w(g) = g. Let b be w(j). Let m(r) = r - 7. Let z(t) = t - 7. Let n(c) = 3*m(c) - 2*z(c). Calculate n(b).
-4
Let b(a) = -a**3 - 8*a**2 - 7*a + 5. Let x be b(-7). Let o(m) = -2*m**2 + 3*m + 2*m - 3*m + x*m. Give o(5).
-15
Let g(x) = -x**2 + 9*x + 5. Let s be g(9). Suppose 10 = s*p + 5. Let d(y) = 6*y + 1. Determine d(p).
7
Let s(l) = -l**3 - 5*l**2 + 6*l - 4. Let m(t) = 3*t**2 + 2*t + 1. Let w be m(-1). Suppose 0 = -w*d + 4. Let c be d/(-13) + 532/(-91). Calculate s(c).
-4
Let t = -2255 + 2256. Let n(w) = 11*w**3 - w**2 - 2*w + 2. Calculate n(t).
10
Let m(j) = -j**2 + 4*j + 1. Let n(f) = f**3 + 5*f**2 - f - 2. Let x be n(-5). Give m(x).
4
Let q be -12*(9/(-6) - (0 - 2)). Let f(w) = -w**2 - w - 4. Calculate f(q).
-34
Let m(a) be the second derivative of -a**4/12 - a**3/6 + a**2 + 2*a + 2. Let q be 7/14 + 58/4. Suppose -2*t = 3*t + q. Calculate m(t).
-4
Let a(k) be the third derivative of k**6/120 + k**5/20 - 7*k**4/24 - k**3 + k**2. Let d = -13 + 14. Let l be (-10)/15*(5 + d). Give a(l).
6
Let i(n) = -n + 1. Suppose -7*q = -2*q - 25. Suppose 3*a - 3 - 14 = q*v, -5*v = -a + 9. Let d(s) = -s. Let o(b) = a*i(b) - 5*d(b). Calculate o(-7).
-3
Suppose 2*t - 3*t + 3 = -2*o, -o - 6 = 4*t. Let f(v) = 3*v**2 + 2. Give f(o).
14
Let l be (-16)/(-10) + (-4)/(-10). Let b = -7 + 9. Let g(q) = 5*q + 0 - 6*q + q**b - 3 + 2. Calculate g(l).
1
Let g(q) be the third derivative of -q**4/12 + q**3/3 - 12*q**2. Let z(f) = -3*f + 3. Let a(v) = 4*g(v) - 3*z(v). Calculate a(5).
4
Let k(f) = -f + 5. Let a be k(7). Let y(h) = 2*h**2 + 3*h. Let j be y(a). Let c(n) = -4*n**j + 4 - 12 - 8*n + 3*n**2. Give c(-6).
4
Let k(l) be the third derivative of l**6/120 + l**5/6 + 5*l**4/12 + 13*l**3/6 - 22*l**2 - l. What is k(-9)?
4
Let w(q) = -2*q**2 + q + 5. Suppose 0*b - 3*t = b + 16, t = -5*b - 24. Calculate w(b).
-31
Suppose t - 26 = 3*k - 8, 0 = -4*t - 4*k + 8. Let l(o) = -o**3 - o. Let c(q) = q**3 + 7*q**2 - 4*q - 5. Let b(u) = -c(u) - 2*l(u). What is b(t)?
5
Suppose 5*b + 9 = 24. Let k(m) = 5 + 2*m**2 - 4*m + m**b - 4 - 7*m**2 - 2. Calculate k(6).
11
Let g(l) = l**3 + l**2 + l - 1. Suppose 49*y - 11 = 38*y. Determine g(y).
2
Let m(x) = x + 8. Suppose -5*w + 3*w = 0. Let u(t) = t**2 - 4*t - 21. Let c be u(9). Suppose -3*z - z - c = w. What is m(z)?
2
Let p(h) = -16*h**3 - 35*h**2 + 55*h + 66. Let f(v) = 3*v**3 + 7*v**2 - 11*v - 13. Let b(t) = -11*f(t) - 2*p(t). What is b(-8)?
-13
Let q(s) = -s**2 + 7*s + 5. Let m = 71 - 74. Let g(a) = -2. Let n(z) = m*g(z) - q(z). Determine n(8).
9
Let n(c) = -c**2 + 4*c + 3. Suppose 10 = i + 4*w + 1, 0 = -3*w + 6. Let m = i - 3. Determine n(m).
-9
Let z(y) = -y**2 - 6*y + 2. Let o(u) = u + 1. Let j = 25 - 23. Suppose -j = 2*b + 4*d, d - 12 = 3*b + 4*d. Let r be o(b). Give z(r).
2
Suppose 0 = -6*a + 3*a + 21. Let f(j) = -7*j - a*j + 1 + 18*j. Let l be (0 - 0) + 0 + 2. Give f(l).
9
Let n(a) be the second derivative of 1/2*a**3 + 0 + 20*a + 1/6*a**4 + 0*a**2 + 1/20*a**5. What is n(-2)?
-6
Let y(k) = -15*k**2 + 12*k + 11. Let d be y(-1). Let t(p) = -p + 5. Give t(d).
21
Let j(n) = 2*n + 6. Suppose 5*w + 5*c = -25, w = 3*w + 3*c + 9. Determine j(w).
-6
Let p(x) = -x**2 - 2*x - 3. Let z(k) = -2*k**2 + 23*k + 9. Let h be z(12). Give p(h).
-6
Let m(a) = 30*a + 1 + 25*a - 31*a. Calculate m(1).
25
Let z(c) = -32*c**2 - 7*c - 33*c**2 - 20*c**2 - 22*c**2 + 1 + 108*c**2. Determine z(6).
-5
Let t(b) = -b + 3. Let q = -8 - -10. Let r be (-2 + 4)*9/q. Calculate t(r).
-6
Let l(y) = -6*y**2 + 37*y - 10. Let o be l(6). Let h(x) = 3*x**2 + 5*x - 4. Give h(o).
24
Let w(h) = -h**2 - 5*h + 2. Let r(c) = 5*c + 17. Let s be r(-5). What is w(s)?
-22
Let s(g) = -4*g**3 - 3 + 2*g**3 + 8*g**2 + g**3 - 7*g. Suppose 275 = 2*d - 3*a, 5*d + 4*a = 2*d + 438. Let b = -135 + d. Give s(b).
-3
Let y(d) = -d**3 - 8*d**2 - 7*d + 1. Suppose -33*l + 30*l = 21. Give y(l).
1
Let x(t) = t**2 - 6*t + 2. Suppose 5*o - 2*o + 4*p = -1, 4*p - 4 = -4*o. Determine x(o).
-3
Let m(d) = -43 + d**2 + 15 + 29. Determine m(-2).
5
Let g(q) = -13*q**2 - q. Suppose -77 = -4*c + 5*x, -c + 0*x + 15 = 3*x. Let k = -13 + c. Suppose -k*j = -10*j + 5. What is g(j)?
-14
Let k(v) = v**2 + 14 + 62*v - 125*v + 0*v**2 + 69*v. What is k(-3)?
5
Suppose -35 = 4*b - 3*h, 4*h - 5 = 15. Let j(a) = a + 14. Let k be j(-12). Let g(n) = 4*n**3 - 3*n**3 + 5 + 0*n**3 + 5*n**k. Calculate g(b).
5
Suppose 0*k + 15 = 5*k. Suppose -3*w = -0 - 3, -g + 3 = -k*w. Let b(d) = -d + 8. What is b(g)?
2
Let s(b) = 3*b**2 + 18*b - 17. Let n be s(-7). Let r(v) = -v**2 + 4*v - 1. Give r(n).
-1
Let v = 10 + -1. Let q(f) = -11*f - 2 - 4*f + 3 - v*f. Determine q(1).
-23
Let k be ((-1)/4)/((-2)/16). Let h(f) = -6*f - 1 + f + 2*f + f**2 + 4*f. Give h(k).
5
Let u be (-3861)/(-585) + ((-16)/10 - -2). Let x(h) = -7*h + 13. Calculate x(u).
-36
Let w(u) = -5*u + 1. Let b(a) = a**3 - 6*a**2 + 2*a - 4. Let t be b(5). Let i = -12 - t. Suppose 2*d = 3*m - 7 - i, -2*d - 3*m + 10 = 0. What is w(d)?
6
Let q(z) = 13*z**3 + 15*z**2 + 4*z - 4. Let p(d) = 7*d**3 + 8*d**2 + 2*d - 2. Let k(g) = -11*p(g) + 6*q(g). Let i = -3 - -2. Let h = i - 1. What is k(h)?
-6
Let w(v) = -5*v**2 + 8*v + 17. Let t(f) = 2*f**2 - 3*f - 6. Let b(j) = -8*t(j) - 3*w(j). What is b(-4)?
-19
Let p(b) = -b + 6. Let w(m) = -1. Let a(s) = -p(s) - 2*w(s). Let o = 8 + -3. Calculate a(o).
1
Let a(x) be the third derivative of -x**6/24 - x**4/12 + x**3/6 - 383*x**2 - 2*x. Let h be 96/(-10) + (-4)/10. Let p be (-14)/h + (-2)/5. Calculate a(p).
-6
Let f = -12 + 8. Let z be 44/(-10) - f/10. Let s = -9 - z. Let g(o) = -o**3 - 4*o**2 + 4*o + 2. Give g(s).
7
Let r be ((-3)/(-2))/(18/48). Suppose 4*f - r*s - 4 = 0, 2*f - 2*s - 2 = 2*s. Let o(u) = 2*u**2 - u - 5*u - u**2 + f. What is o(6)?
1
Let o(h) = h**2 - 8*h - 11. Let c be o(10). Suppose 4 = -5*t + c*t. Let w(k) be the third derivative of k**4/4 - k**3/6 - k**2. Determine w(t).
5
Let h(f) = 2. Let d(x) = -5. Let p(l) = -3*d(l) - 7*h(l). Let s(i) = i + 3. Let w(z) = -2*p(z) - s(z). What is w(-7)?
2
Let u(o) be the first derivative of 3*o**2/2 + 72*o + 186. Determine u(-24).
0
Let c(j) = 3 - 3*j**2 - 14*j + 47*j + 2*j**2 - 20*j - 26*j. What is c(-11)?
25
Let h = -102 - -113. Let o(w) = h - 3*w**2 + 4*w**2 + 6 + w - 13. Determine o(-3).